 i(f).
8
Suppose 2*d + 25 = 3. Let q(l) be the second derivative of l**5/20 + 11*l**4/12 - l**3/6 - 13*l**2/2 + 134*l - 2. Calculate q(d).
-2
Let m be 3 + -13 + 4 + 0. Let f(g) = 6*g - 5. Let q(t) = t - 7 + 7. Let u(v) = f(v) - 4*q(v). What is u(m)?
-17
Let u = 12 + -4. Let y(x) = -11*x - 7 + u - 2. Let k = 0 + -1. Determine y(k).
10
Let p(a) = -a**2 + a - 2. Let u = 76 - 73. Suppose 0 = -3*c + 15, u*h - 15 = 7*h - 3*c. Determine p(h).
-2
Let f(m) = 22*m**2 + 2*m - 1. Let x(b) = -47*b**2 - 4*b + 2. Let n(g) = -7*f(g) - 3*x(g). What is n(1)?
-14
Let l(b) = -b**2 - b. Let v(j) = -8*j**2 - 6*j + 40. Let g(u) = 6*l(u) - v(u). Let p(d) be the first derivative of g(d). Give p(-4).
-16
Let v(n) be the first derivative of n**2/2 - n - 1. Suppose -3*r - r + 3*w + 2 = 0, 0 = 3*w - 6. Let x(f) = -2*f + 2. Let k be x(r). Calculate v(k).
-3
Let z(u) be the second derivative of 5/6*u**3 - 3*u**2 - 3*u + 0 - 1/12*u**4. What is z(4)?
-2
Let w(x) = -17*x**2 - 5*x + 6. Let v(h) = -h**2 - h + 1. Let b(u) = 5*v(u) - w(u). Let a(j) = -6*j - 15 - 15 - j + 10. Let m be a(-3). What is b(m)?
11
Let k(a) = a**2 - a - 9. Let z = -177 + 180. What is k(z)?
-3
Let j(r) = r**3 + r**2 + r + 1. Let w(x) = 48*x**3 + 40*x**2 + 40*x + 40. Let p(v) = 40*j(v) - w(v). Give p(1).
-8
Let u(n) = 2*n**2 - 4*n + 3. Let q be -18*3/(-3*2). Let r be 3/2*12/q. Give u(r).
3
Let g = -66 + 68. Let u(c) = -14*c**3 - 3 - c**g + 15*c**3 - 2*c + 4*c. Calculate u(2).
5
Let i(j) be the third derivative of j**5/60 - 3*j**4/8 + 3*j**3/2 - j**2. Suppose -5*n + 15*n = 70. Determine i(n).
-5
Let t(n) = 3*n + 2. Let p be 3 - ((-4)/3)/((-4)/(-6)). Suppose 5*q - 5*x + 40 = 0, -p*q - 25 - 5 = -3*x. Calculate t(q).
-7
Let s(f) = f**3 - 33*f**2 + 61*f + 33. Let q be s(31). Let o(l) = 18*l - 2. Calculate o(q).
34
Suppose -149 - 159 = -2*k. Let y(b) = -5 + 155*b**3 - k*b**3 + 4*b**2 + 0 - b. Determine y(-4).
-1
Let s(p) = 89*p - 2*p**3 + 9*p**2 - 164*p + 72*p. Determine s(4).
4
Let f(g) be the third derivative of -2/3*g**3 + 0 + 0*g + 1/12*g**4 - 19*g**2. Calculate f(-3).
-10
Let v(y) = -13*y - 16. Let o(h) = -11*h - 18. Let d(n) = -6*o(n) + 5*v(n). What is d(-12)?
16
Let m(v) = -v**2 - 7*v - 7. Suppose -3*a + 6*a = -2*s, -5*a = -5*s. Let k be (143/22)/(2/4). Suppose 4*w + 2*d + 22 = s, -4*w + d - k = -2*w. Calculate m(w).
-1
Let y(z) = 2*z - 3. Let i(x) = 2*x**2 + 4*x + 2. Let l be i(-2). Let a be ((-4)/4)/(l/(-8)). Suppose f - 3*n - 3 = 0, n + a*n + 15 = 5*f. Determine y(f).
3
Let p = 4 - -7. Let h(a) = -a**3 - 3*a - 3 - 7*a + 0*a + p*a**2. Calculate h(10).
-3
Let g(k) = -k**3 + 4*k**2 - 3*k + 1. Let m = -4 - -6. Suppose m*f + 3*z = -15, z + 7 = f - 2*f. Let s be f/(-2)*8/12. What is g(s)?
3
Let w(m) = m**3 + m**2 - m - 2. Suppose u = 5*u - z - 13, z + 9 = 3*u. Suppose 0*v = -3*v - u*l - 14, -2*v + 2*l + 14 = 0. Determine w(v).
8
Let q(c) = -c**2 - 6*c - 6. Suppose -t + 19 = -2*z - 15, 0 = -5*t + z + 179. Suppose -2*l - 7*l - t = 0. Determine q(l).
2
Let x(s) = -4*s - 3. Let w be ((-5)/2)/(10/20). Determine x(w).
17
Let k(l) be the first derivative of -l**4/4 + 5*l**3/3 - 2*l**2 - 546. Give k(4).
0
Let x(l) = 7*l**3 - 2*l**2 + 4*l + 9. Let k(j) = 9*j**3 - j**2 + 6*j + 10. Let f(z) = 3*k(z) - 4*x(z). Determine f(5).
4
Let g(w) = w**3 + 15*w**2 - 22*w - 40. Let o be g(-16). Let p = o - 64. Let d(k) = 9*k + 1 + 3 + 0 + k**2. What is d(p)?
-4
Let c be (3 + -6)/3*6. Let i(p) = 2*p**2 - 7*p - 6. Suppose -6*a + 0*a - 24 = 0. Let s(v) = -3*v**2 + 7*v + 6. Let w(m) = a*i(m) - 3*s(m). What is w(c)?
0
Let t(g) = -4*g**2 + 1. Suppose -5 = -2*r + r. Suppose 0 = -v + r - 3. Suppose v*s = -3*f - f - 2, 5*s - 1 = -4*f. What is t(s)?
-3
Let y(k) = 5*k**3 + 2*k**2 - 2*k + 7 - 11 - 4*k**3. Let s be (-16)/88 - (-62)/(-22). Give y(s).
-7
Let q(v) = -2*v + 6. Let x(j) = j**2 + 4*j - 26. Let s be x(-8). Let t be (2/s)/(77/(-66))*-14. Determine q(t).
-2
Let s be (24/60)/((-4)/60). Let k(m) = 6*m - 5. Calculate k(s).
-41
Let z = -264 - -269. Let r(m) = -m**3 + 4*m**2 + 3*m + 4. Give r(z).
-6
Let q(a) = -a - 6. Let m(h) = 1. Suppose -2*i = -5*j + 9, -3*j + 39 = -4*i - 0*i. Let z(o) = i*m(o) - 3*q(o). Give z(-6).
-12
Suppose y - 3 = -0*w + 2*w, y - 3 = -4*w. Let h(v) = -v**3 - 2*v**2 - v. Let n(z) = 5*z**3 + 12*z**2 + 5*z + 15. Let q(j) = -6*h(j) - n(j). Give q(w).
-15
Let t(u) be the first derivative of 3*u**2/2 - u - 1. Let f(y) = y - 14 + 8 - 5*y + 8. Let s(l) = 4*f(l) + 5*t(l). What is s(8)?
-5
Suppose -2*p - 5 = -7*p + q, 5*q = -2*p + 2. Suppose -5*w = p - 6. Suppose 13*o = 12*o - w. Let t(y) = -3*y**3 - 1. Determine t(o).
2
Let d(s) = 63 - 16 - 20 + s - 27. Determine d(6).
6
Suppose 56 = 4*r - 0*r. Suppose 4 = -2*w + r. Let k(q) = -q + 0*q - 2 + 2*q - w. Determine k(7).
0
Let d(v) = -v**2 - v. Let a(x) = -8 + 4 + 5*x**2 - x**2. Let y(i) = -a(i) - 3*d(i). Let t = 424 + -418. Calculate y(t).
-14
Let p(u) be the third derivative of 4*u**2 - 7/120*u**5 + 0 + 1/240*u**6 + 0*u**3 + 5/24*u**4 + 0*u. Let g(x) be the second derivative of p(x). Calculate g(6).
11
Let g(o) = -o + 12. Let a be g(10). Let s(j) = -3*j**a - 3*j**2 - 3*j**2. What is s(-1)?
-9
Let u(x) = x + 3. Let v be -5 - (3 + -3 + -28). Let o be (v/5 + -1)*(-90)/(-54). Determine u(o).
9
Suppose 0 = -1355*y + 1360*y - 30. Let w(h) = -h**2 + 8*h - 5. Give w(y).
7
Let z = 179 + -171. Let h(c) = -c**3 + 8*c**2 - 6. Determine h(z).
-6
Let b be -5 + (-2 - -3) - -9. Let y(v) = v. Let w(p) = -4*p + 7. Let r(g) = w(g) + 5*y(g). Determine r(b).
12
Let f(h) = h**2 - 7*h + 5. Let v(q) = -3*q**2 + 14*q - 11. Let y(t) = 5*f(t) + 2*v(t). Suppose z = -5*w + 4, 10*w = z + 7*w + 12. What is y(z)?
9
Let c(w) = -24*w + 3. Suppose 5*p + 10 = 5*o, 0 = -o - 20*p + 17*p - 2. What is c(o)?
-21
Let j = 17 - 5. Suppose -2*x = -5*x + j. Let m(f) be the second derivative of -f**4/12 + 2*f**3/3 - 3*f**2/2 + 2*f. What is m(x)?
-3
Let i(d) = -2*d**2 - 3*d + 11. Let c(a) = a**2 + a - 5. Let l(f) = -13*c(f) - 6*i(f). Suppose 5*o - 8 - 17 = 0. Calculate l(o).
-1
Let b(y) = y**3 - 3*y**2 - 3*y + 3. Let g(w) = w**3 - 15*w**2 + 17*w - 10. Let u be g(14). Suppose 0 = -5*t - 3*t + u. Calculate b(t).
7
Let a(r) be the third derivative of r**7/840 + r**6/180 + r**5/6 + 30*r**2. Let d(v) be the third derivative of a(v). Determine d(-3).
-14
Let v(s) be the second derivative of -18*s - 5*s**2 + 0 + 2/3*s**3. Give v(7).
18
Let j(i) = -66*i + 3. Let b(q) = -42*q + 2. Let y(t) = 8*b(t) - 5*j(t). Give y(5).
-29
Let l be 2/4*0/(-2). Let x(r) be the first derivative of -r**5/120 + r**4/8 - 31*r**3/3 - 27. Let v(f) be the third derivative of x(f). Give v(l).
3
Let x(a) = 2*a**2 - 5*a + 4. Let k be x(3). Let r = 12 - k. Let n(h) = r + 0*h - 3 - h + 4*h. Determine n(2).
8
Let t(k) = -13*k - 49. Let r(z) = -11*z - 49. Let x(p) = -5*r(p) + 4*t(p). Let o be x(-15). Let n(c) = -c + 0*c + 0*c. Determine n(o).
-4
Let l be (-536)/(-14) - (-4)/(-14). Let g = -24 + l. Let m(o) = o**3 + g*o - 16*o - o**2 - 2*o**3. Calculate m(-2).
8
Let w(u) = u**2 - 2*u - 3. Suppose 4*f + f = -2*d + 25, -4*d + 25 = 5*f. Let q(h) = h**2 - 2*h - 17. Let m be q(f). Determine w(m).
5
Let p(q) = -q**2 - q - 5. Let g be p(0). Let n be g + (1 + -2)*1. Let w(s) be the second derivative of -s**3/6 + 2*s. What is w(n)?
6
Suppose 338*p - 353*p = -60. Let h(q) = 5*q - 4. Let s(a) = 4 - 3 - 9*a + 7. Let g(o) = -7*h(o) - 4*s(o). Determine g(p).
0
Let j(z) = 4*z**3 + 3*z**2 + 6*z - 1. Let a(m) = -4*m**3 - 4*m**2 - 7*m + 2. Let w(q) = 3*a(q) + 4*j(q). Calculate w(-1).
-5
Suppose n - 4*n = 6. Let z(v) be the first derivative of 2*v**2 - v - 102. Calculate z(n).
-9
Let y(w) = -1 + 1 + 1 - w. Let o(d) = 132*d**2 + 4*d**3 - 161*d**2 - d - 24 - 5*d**3. Let r be o(-29). What is y(r)?
-4
Let f = 55 + -53. Let y(x) = 0*x - 62*x**2 - 9*x - 2 + 34*x**f + 27*x**2. Determine y(-4).
18
Let y(t) = -t**2 - 5*t + 11. Suppose -10*p + 35*p = -200. Determine y(p).
-13
Let t(k) be the second derivative of -5 - k**3 + 1/12*k**4 - 5/2*k**2 + k. Calculate t(6).
-5
Let g(o) = o**2 + o - 3. Let u be (-66)/(-297) - (-47)/(-9). Determine g(u).
17
Let d(r) be the first derivative of -r**4/24 - 9*r**2/2 + 9. Let f(t) be the second derivative of d(t). Determine f(0).
0
Let n(k) = 19*k**2 + 2*k - 11. Let c(r) = -5*r**2 - 4*r**2 + 572 - 566 - r. Let g(p) = -11*c(p) - 6*n(p). Calculate g(1).
-16
L